{"id":36,"date":"2023-05-15T18:11:08","date_gmt":"2023-05-15T16:11:08","guid":{"rendered":"https:\/\/hansebiker.de\/?page_id=36"},"modified":"2026-02-26T10:37:48","modified_gmt":"2026-02-26T09:37:48","slug":"home","status":"publish","type":"page","link":"https:\/\/hansebiker.de\/","title":{"rendered":"Home"},"content":{"rendered":"<p>[et_pb_section fb_built=&#8220;1&#8243; _builder_version=&#8220;4.21.0&#8243; _module_preset=&#8220;default&#8220; background_color=&#8220;#4a4e53&#8243; custom_margin=&#8220;0px||0px||false|false&#8220; custom_padding=&#8220;15px||15px||false|false&#8220; locked=&#8220;off&#8220; global_colors_info=&#8220;{}&#8220;][et_pb_row _builder_version=&#8220;4.21.0&#8243; _module_preset=&#8220;default&#8220; custom_margin=&#8220;||||false|false&#8220; custom_padding=&#8220;||||false|false&#8220; global_colors_info=&#8220;{}&#8220;][et_pb_column type=&#8220;4_4&#8243; _builder_version=&#8220;4.21.0&#8243; _module_preset=&#8220;default&#8220; global_colors_info=&#8220;{}&#8220;][et_pb_text _builder_version=&#8220;4.21.0&#8243; _module_preset=&#8220;default&#8220; header_2_font=&#8220;|600|||||||&#8220; header_2_text_align=&#8220;center&#8220; header_2_text_color=&#8220;#000000&#8243; use_background_color_gradient=&#8220;on&#8220; background_color_gradient_stops=&#8220;#79bddb 0%|#1588ba 100%&#8220; width=&#8220;60%&#8220; width_tablet=&#8220;60%&#8220; width_phone=&#8220;100%&#8220; width_last_edited=&#8220;on|phone&#8220; module_alignment=&#8220;center&#8220; custom_padding=&#8220;15px||15px||false|false&#8220; border_radii=&#8220;on|15px|15px|15px|15px&#8220; global_colors_info=&#8220;{}&#8220;]<\/p>\n<h2>Cruiser- und Chopper-Fahrgemeinschaft Hamburg<\/h2>\n<p>[\/et_pb_text][\/et_pb_column][\/et_pb_row][et_pb_row column_structure=&#8220;1_2,1_2&#8243; _builder_version=&#8220;4.21.0&#8243; _module_preset=&#8220;default&#8220; hover_enabled=&#8220;0&#8243; global_colors_info=&#8220;{}&#8220; sticky_enabled=&#8220;0&#8243;][et_pb_column type=&#8220;1_2&#8243; _builder_version=&#8220;4.21.0&#8243; _module_preset=&#8220;default&#8220; global_colors_info=&#8220;{}&#8220;][et_pb_image src=&#8220;https:\/\/hansebiker.de\/wp-content\/uploads\/2025\/09\/IMG-20250713-WA0006.jpg&#8220; title_text=&#8220;IMG-20250713-WA0006&#8243; align=&#8220;center&#8220; _builder_version=&#8220;4.27.4&#8243; _module_preset=&#8220;default&#8220; border_color_all=&#8220;#FFFFFF&#8220; box_shadow_style=&#8220;preset1&#8243; box_shadow_blur=&#8220;14px&#8220; box_shadow_color=&#8220;#FFFFFF&#8220; global_colors_info=&#8220;{}&#8220;][\/et_pb_image][\/et_pb_column][et_pb_column type=&#8220;1_2&#8243; _builder_version=&#8220;4.21.0&#8243; _module_preset=&#8220;default&#8220; global_colors_info=&#8220;{}&#8220;][et_pb_text _builder_version=&#8220;4.27.4&#8243; _module_preset=&#8220;default&#8220; text_text_color=&#8220;#FFFFFF&#8220; text_font_size=&#8220;16px&#8220; header_2_text_align=&#8220;center&#8220; header_2_text_color=&#8220;#FFFFFF&#8220; background_color=&#8220;#6e7175&#8243; text_orientation=&#8220;center&#8220; width=&#8220;80%&#8220; width_tablet=&#8220;80%&#8220; width_phone=&#8220;100%&#8220; width_last_edited=&#8220;on|phone&#8220; module_alignment=&#8220;center&#8220; custom_padding=&#8220;15px|5px|15px|5px|false|false&#8220; border_radii=&#8220;on|15px|15px|15px|15px&#8220; global_colors_info=&#8220;{}&#8220;]<\/p>\n<h2>S<span style=\"text-decoration: underline;\">tammtisc<\/span>h<\/h2>\n<p><strong>1. und 3. Dienstag ab 18:30 Uhr<\/strong><br \/><strong>(\u00f6ffentlich, April bis Dezember)<\/strong><\/p>\n<p><strong><span style=\"color: #ffffff;\">Schon mal vormerken:<br \/><\/span><\/strong><span style=\"color: #ff9900;\"><strong>ACHTUNG: Am <span style=\"text-decoration: underline;\">08.03.2026<\/span> findet das offene Fr\u00fchst\u00fcck ab 11:00 Uhr statt.<\/strong><\/span><\/p>\n<p><span style=\"color: #ff9900;\"><strong>WIR SIND VOM 27.02 &#8211; 01-03-2026 AUF DER HMT<br \/><\/strong><\/span><span style=\"color: #ff9900;\"><strong>IN HALLE B7 STAND 19f VERTERETEN.<\/strong><\/span><\/p>\n<p><span style=\"color: #ff9900;\"><strong>Weitere Infos findet ihr unter &#8222;Aktuelles&#8220;.<\/strong><\/span><\/p>\n<p>[\/et_pb_text][\/et_pb_column][\/et_pb_row][et_pb_row _builder_version=&#8220;4.21.0&#8243; _module_preset=&#8220;default&#8220; global_colors_info=&#8220;{}&#8220;][et_pb_column type=&#8220;4_4&#8243; _builder_version=&#8220;4.21.0&#8243; _module_preset=&#8220;default&#8220; global_colors_info=&#8220;{}&#8220;][et_pb_text _builder_version=&#8220;4.21.0&#8243; _module_preset=&#8220;default&#8220; text_text_color=&#8220;#FABE57&#8243; header_2_font=&#8220;|600|||||||&#8220; header_2_text_align=&#8220;center&#8220; header_2_text_color=&#8220;#FABE57&#8243; global_colors_info=&#8220;{}&#8220;]<\/p>\n<h2><span>Mehr als nur Motorradfahren<\/span><\/h2>\n<p>[\/et_pb_text][et_pb_text _builder_version=&#8220;4.21.0&#8243; _module_preset=&#8220;default&#8220; text_text_color=&#8220;#FFFFFF&#8220; text_font_size=&#8220;16px&#8220; text_orientation=&#8220;center&#8220; width=&#8220;100%&#8220; custom_margin=&#8220;||75px||false|false&#8220; global_colors_info=&#8220;{}&#8220;]<\/p>\n<p><span>Motorradausfahrten im chromblitzenden Konvoi mit schweren Chopper- und Cruiser-Maschinen ist unser prim\u00e4res Ziel, daf\u00fcr haben wir uns zusammen gefunden. Wir nutzen unser Hobby jedoch auch zur Unterst\u00fctzung gemeinn\u00fctziger Zwecke. <br \/>Bei unserem \u201cNicostars Charity Ride\u201d verbinden wir Spa\u00df und Freude mit einem guten Zweck und unterst\u00fctzen aktiv das Kinderkrebs-Zentrum im UKE Hamburg.<\/span><\/p>\n<p>[\/et_pb_text][et_pb_text _builder_version=&#8220;4.21.0&#8243; _module_preset=&#8220;default&#8220; text_text_color=&#8220;#FABE57&#8243; header_2_font=&#8220;|600|||||||&#8220; header_2_text_align=&#8220;center&#8220; header_2_text_color=&#8220;#FABE57&#8243; locked=&#8220;off&#8220; global_colors_info=&#8220;{}&#8220;]<\/p>\n<h2><span>Unterwegs im Norden der Republik<\/span><\/h2>\n<p>[\/et_pb_text][et_pb_text _builder_version=&#8220;4.27.4&#8243; _module_preset=&#8220;default&#8220; text_text_color=&#8220;#FFFFFF&#8220; text_font_size=&#8220;16px&#8220; text_orientation=&#8220;center&#8220; width=&#8220;100%&#8220; custom_margin=&#8220;||75px||false|false&#8220; locked=&#8220;off&#8220; global_colors_info=&#8220;{}&#8220;]<\/p>\n<p><span>Unsere Familienangeh\u00f6rigen und Freunde beteiligen wir wann immer es geht an unseren Ausfahrten und Aktivit\u00e4ten. Selbst Nicht-Motorradfahrer finden bei uns Spa\u00df am Biker-Lifestyle und unterst\u00fctzen uns bei unseren Aktionen. Wir m\u00f6chten die \u00d6ffentlichkeit an unserem Hobby teilhaben lassen und f\u00fcr die gl\u00e4nzende Cruiser- und Chopper-Welt begeistern. Wir pr\u00e4sentieren unsere Fahrgemeinschaft und unsere gemeinn\u00fctzigen Aktionen auf Messen, in der Presse und in Funk und Fernsehen.<br \/><\/span><span style=\"color: #00ccff;\"><strong>Von April bis Dezember findet an jedem 1. und 3. Dienstag im Monat unser<br \/>\u00f6ffentlicher Biker-Stammtisch in unserer Hanse-Biker-Bude statt.<br \/><\/strong><\/span><span>G\u00e4ste sind immer willkommen! Wir sind eine\u00a0 Motorrad-Fahrgemeinschaft mit Ambitionen!<br \/><\/span><\/p>\n<p>[\/et_pb_text][\/et_pb_column][\/et_pb_row][\/et_pb_section]<\/p>\n","protected":false},"excerpt":{"rendered":"<p>Cruiser- und Chopper-Fahrgemeinschaft HamburgStammtisch 1. und 3. Dienstag ab 18:30 Uhr(\u00f6ffentlich, April bis Dezember) Schon mal vormerken:ACHTUNG: Am 08.03.2026 findet das offene Fr\u00fchst\u00fcck ab 11:00 Uhr statt. WIR SIND VOM 27.02 &#8211; 01-03-2026 AUF DER HMTIN HALLE B7 STAND 19f VERTERETEN. Weitere Infos findet ihr unter &#8222;Aktuelles&#8220;.Mehr als nur MotorradfahrenMotorradausfahrten im chromblitzenden Konvoi mit schweren [&hellip;]<\/p>\n","protected":false},"author":1,"featured_media":0,"parent":0,"menu_order":0,"comment_status":"closed","ping_status":"closed","template":"","meta":{"_et_pb_use_builder":"on","_et_pb_old_content":"","_et_gb_content_width":"","footnotes":""},"class_list":["post-36","page","type-page","status-publish","hentry"],"_links":{"self":[{"href":"https:\/\/hansebiker.de\/index.php?rest_route=\/wp\/v2\/pages\/36","targetHints":{"allow":["GET"]}}],"collection":[{"href":"https:\/\/hansebiker.de\/index.php?rest_route=\/wp\/v2\/pages"}],"about":[{"href":"https:\/\/hansebiker.de\/index.php?rest_route=\/wp\/v2\/types\/page"}],"author":[{"embeddable":true,"href":"https:\/\/hansebiker.de\/index.php?rest_route=\/wp\/v2\/users\/1"}],"replies":[{"embeddable":true,"href":"https:\/\/hansebiker.de\/index.php?rest_route=%2Fwp%2Fv2%2Fcomments&post=36"}],"version-history":[{"count":26,"href":"https:\/\/hansebiker.de\/index.php?rest_route=\/wp\/v2\/pages\/36\/revisions"}],"predecessor-version":[{"id":257,"href":"https:\/\/hansebiker.de\/index.php?rest_route=\/wp\/v2\/pages\/36\/revisions\/257"}],"wp:attachment":[{"href":"https:\/\/hansebiker.de\/index.php?rest_route=%2Fwp%2Fv2%2Fmedia&parent=36"}],"curies":[{"name":"wp","href":"https:\/\/api.w.org\/{rel}","templated":true}]}}